t m(f) = 13*f - 1. What is m(2)?
25
Let u(v) = 29*v**2 + 2*v + 1. Calculate u(-1).
28
Let f(c) = -c**3 + 16*c**2 - 13*c + 14. Give f(15).
44
Let f(j) = -45*j - 452. Give f(-10).
-2
Let s(k) = -2*k**2 - 14*k - 50. What is s(-3)?
-26
Let d(q) = 30*q - 6. Give d(1).
24
Let u(a) = -a + 10. What is u(13)?
-3
Let a(w) = -w**3 + 4*w**2 - 3*w - 2. Determine a(3).
-2
Let s(p) = -2*p**3 + 25*p**2 - 10*p - 17. Give s(12).
7
Let o(q) = q**2 + 13*q - 13. Give o(-15).
17
Let r(m) = 20*m + 560. Give r(-28).
0
Let d(v) = -17*v**2. Give d(1).
-17
Let k(h) = h**3 - 7*h**2 - 15*h + 11. Give k(8).
-45
Let f(y) = -y**2 - 14*y + 8. Give f(-12).
32
Let m(b) = 11*b + 83. Give m(-7).
6
Let h(d) = 64*d - 1150. Give h(18).
2
Let n(x) = -7*x - 62. Give n(-8).
-6
Let p(v) = -v - 10. Give p(-17).
7
Let z(n) = n**2 + 16*n + 14. Give z(-14).
-14
Let j(h) = -h**2 - 57*h - 165. Calculate j(-3).
-3
Let o(d) = 2*d**2 + 4*d - 54. Calculate o(5).
16
Let n(i) = i**3 + 8*i**2 + 11*i - 4. Determine n(-6).
2
Let v(k) = -7*k**2 - 22*k + 3. Give v(-3).
6
Let t(d) = -5*d**3 - 2*d**2 + d + 3. Calculate t(-2).
33
Let d(m) = m**2 - 15*m + 22. Determine d(9).
-32
Let q(k) = -20*k + 116. Determine q(6).
-4
Let n(l) = -3*l**2 + 48*l - 33. Calculate n(18).
-141
Let w(o) = -o**3 + 9*o**2 + 5*o + 13. Calculate w(10).
-37
Let p(d) = -d**2 - 3*d - 44. Determine p(-5).
-54
Let n(v) = -3*v**2 - 3*v - 2. Calculate n(-1).
-2
Let x(d) = -18*d + 76. Determine x(4).
4
Let g(r) = r**3 - 10*r**2 + 12*r - 31. Calculate g(9).
-4
Let r(o) = -o**2 + 4*o + 48. Determine r(13).
-69
Let q(w) = -8*w**3 - w**2 + 4*w - 1. What is q(2)?
-61
Let k(n) = -3*n + 2. Calculate k(9).
-25
Let w(d) = -d**3 - 16*d**2 + 14*d - 23. What is w(-17)?
28
Let d(m) = 2*m**3 - 2*m**2 - 2*m + 3. Give d(2).
7
Let p(w) = w**2 + 13*w - 184. Determine p(-22).
14
Let c(o) = -3*o - 95. Give c(-31).
-2
Let p(n) = 3*n**3 - 24*n**2 - 60*n + 6. What is p(10)?
6
Let w(p) = 4*p + 2. Calculate w(-1).
-2
Let f(t) = 8*t**3 - 2*t**2 - t. Calculate f(-1).
-9
Let m(q) = 2*q**3 - 4*q**2 + q + 2. Give m(2).
4
Let l(h) = 7*h - 14. Calculate l(4).
14
Let n(u) = -4*u - 9. What is n(-4)?
7
Let q(d) = -2*d**2 + 11*d + 6. Give q(6).
0
Let u(p) = -p**3 + 3*p + 13. Calculate u(3).
-5
Let m(y) = 6*y + 21. Give m(-4).
-3
Let z(r) = 9*r**3 - 2*r**2 + 2*r - 1. What is z(1)?
8
Let p(k) = -k**3 - 5*k**2 - 4*k - 13. Calculate p(-5).
7
Let k(d) = 24*d**3 - 6*d**2 + d + 2. Give k(-1).
-29
Let y(g) = 36*g. Calculate y(1).
36
Let f(o) = 2*o**2 - 19*o - 14. Calculate f(10).
-4
Let i(b) = 2*b. Give i(-2).
-4
Let n(i) = 10*i + 6. Calculate n(-6).
-54
Let r(b) = 17*b**3 + 2*b**2 - b. Give r(1).
18
Let d(y) = 5*y**2 + 48*y - 14. Determine d(-10).
6
Let b(n) = n**2 + 7*n + 10. What is b(-3)?
-2
Let s(g) = 5*g + 21. Give s(9).
66
Let a(z) = 15*z**3 - z**2 + 2*z - 1. Determine a(1).
15
Let r(g) = -g**3 + 2*g**2 - 4. Calculate r(-2).
12
Let n(y) = 5*y + 7. What is n(-9)?
-38
Let q(f) = -f**2 + 5*f + 8. What is q(0)?
8
Let r(w) = w + 5. What is r(-6)?
-1
Let k(m) = -2*m - 4. What is k(2)?
-8
Let h(p) = -122*p + 359. Determine h(3).
-7
Let g(s) = -s**3 + 5*s**2 + 2*s + 26. Give g(6).
2
Let w(r) = -r**3 - 8*r**2 - 9*r + 2. Determine w(-7).
16
Let t(v) = 11*v**2 + 4*v + 2. Calculate t(-1).
9
Let w(i) = -i**3 + 11*i**2 + 26*i + 27. What is w(13)?
27
Let w(d) = -d**3 - 8*d**2 - 5*d - 9. What is w(-7)?
-23
Let y(s) = -3*s**2 + 5*s - 7. Determine y(2).
-9
Let x(t) = t**3 + 21*t**2 - 6. Determine x(-21).
-6
Let t(j) = 108*j + 750. What is t(-7)?
-6
Let s(j) = -j**3 + 9*j**2 + 10*j - 20. Give s(9).
70
Let y(t) = 2*t**2 - 18*t - 14. Determine y(11).
30
Let d(m) = -m**3 - 18*m**2 + 2*m + 44. What is d(-18)?
8
Let j(r) = 7*r + 134. What is j(-20)?
-6
Let y(f) = -f**3 - 13*f**2 + 12*f - 18. Determine y(-14).
10
Let u(l) = l**3 + 10*l**2 - 13*l - 15. What is u(-11)?
7
Let z(m) = -m**3 + 5*m**2 + 5*m - 5. What is z(5)?
20
Let r(d) = 8*d**2 + 8*d + 3. Determine r(-2).
19
Let z(i) = -i**3 + 7*i**2 + 13*i - 14. What is z(9)?
-59
Let t(c) = -24*c + 242. Give t(10).
2
Let k(l) = -l**2 + 20*l - 25. Give k(20).
-25
Let y(h) = -4*h + 6. What is y(9)?
-30
Let a(p) = -9*p. What is a(-1)?
9
Let q(m) = 11*m + 231. Calculate q(-20).
11
Let n(f) = f**2 + 3*f + 9. Calculate n(-2).
7
Let o(i) = -18*i - 88. Determine o(-5).
2
Let g(q) = 13*q**2 - 22*q + 1. Calculate g(2).
9
Let n(z) = 6*z + 33. Determine n(-5).
3
Let a(r) = 2*r + 22. Give a(-9).
4
Let s(u) = -u**3 + u**2 + 12. What is s(0)?
12
Let r(v) = -v**2 - 10*v + 28. What is r(-12)?
4
Let d(z) = 12*z - 6. Give d(-2).
-30
Let j(n) = -n**2 + 3*n + 31. Determine j(7).
3
Let q(z) = z**2 + z - 13. Calculate q(4).
7
Let h(m) = m**3 - 9*m**2 - 10*m + 2. What is h(10)?
2
Let j(a) = -a**2 - 4*a + 96. Calculate j(-12).
0
Let y(r) = r**3 - 20*r**2 + 52*r - 11. Give y(17).
6
Let i(u) = u**3 - 21*u**2 - 46*u + 4. Give i(23).
4
Let g(q) = q**2 + 12*q + 2. Determine g(-13).
15
Let m(j) = 4*j - 2. What is m(2)?
6
Let w(b) = b + 3. Give w(-4).
-1
Let k(o) = 79*o**3 - o**2 + o. Determine k(1).
79
Let i(z) = 6*z - 128. Determine i(23).
10
Let h(r) = -6*r - 65. Give h(-12).
7
Let n(m) = -53*m - 1. What is n(-1)?
52
Let v(z) = -2*z**2 + 6*z - 26. Give v(9).
-134
Let q(p) = -p - 13. What is q(-15)?
2
Let u(g) = -g**3 - 16*g**2 - 14*g + 34. Determine u(-15).
19
Let b(k) = k**2 + 36*k + 45. Give b(-32).
-83
Let r(f) = 5*f + 14. Give r(-6).
-16
Let q(v) = -15*v + 81. Determine q(7).
-24
Let b(i) = 4*i**2 - 17*i + 10. What is b(5)?
25
Let v(d) = 27*d + 511. Give v(-19).
-2
Let f(r) = -4*r + 112. Give f(23).
20
Let h(a) = a**3 + 9*a**2 + 14*a + 29. Calculate h(-8).
-19
Let p(j) = j**3 - 15*j**2 + 11*j + 47. Calculate p(14).
5
Let b(p) = 15*p + 112. Determine b(-8).
-8
Let i(j) = -2*j**3 - 3*j + 2. Determine i(2).
-20
Let b(r) = r**3 - 17*r**2 + 16*r + 5. Determine b(16).
5
Let t(n) = -7*n - 136. What is t(-19)?
-3
Let y(u) = -5*u**2 + u + 3. Give y(-1).
-3
Let o(h) = -h**2 - 39*h - 146. What is o(-35)?
-6
Let t(j) = -j**3 + 8*j**2 - 17*j + 23. What is t(6)?
-7
Let m(w) = -w**3 + 10*w**2 - 11*w + 13. Give m(9).
-5
Let f(o) = -27*o**2 - o + 2. Calculate f(1).
-26
Let f(r) = 4*r**2 - 18*r + 3. Calculate f(4).
-5
Let u(t) = -t**3 - t**2 + t - 2. Determine u(0).
-2
Let f(c) = 11*c + 12. Determine f(-11).
-109
Let k(f) = f + 10. Determine k(0).
10
Let w(m) = -4*m - 30. Give w(-8).
2
Let l(k) = 7*k**2 - k - 2. What is l(-1)?
6
Let r(b) = b**3 + 13*b**2 - 18*b - 18. Give r(-14).
38
Let c(p) = -p**2 + 2*p + 43. Give c(7).
8
Let c(h) = -h**2 + 7*h. Give c(5).
10
Let c(t) = -2*t**2 + 22*t - 46. Determine c(9).
-10
Let w(t) = t**3 + 8*t**2 + 19. Calculate w(-9).
-62
Let j(p) = -12*p + 2. Calculate j(5).
-58
Let z(l) = l**2 + 19*l - 27. Determine z(-14).
-97
Let h(w) = w**2 - 8*w + 9. Calculate h(6).
-3
Let b(z) = z**3 + 2*z**2 + 105. What is b(0)?
105
Let j(x) = x**3 + 6*x**2 + 3*x + 1. What is j(-4)?
21
Let c(t) = t**3 + 15*t**2 + 31*t - 37. Calculate c(-12).
23
Let d(t) = t**3 - 7*t**2 + 8*t - 6. Calculate d(6).
6
Let r(k) = k + 20. Calculate r(-20).
0
Let d(l) = -3*l - 21. Give d(-7).
0
Let q(o) = -o - 57. What is q(-15)?
-42
Let x(k) = -k**3 + 5*k**2 - 2*k + 2. Calculate x(5).
-8
Let z(l) = -3*l + 99. Calculate z(33).
0
Let m(b) = -3*b - 42. Calculate m(-16).
6
Let l(g) = 12*g**3 + g**2. Determine l(-1).
-11
Let o(z) = -z**2 - 18*z - 55. Determine o(-14).
1
Let v(t) = -2*t**3 - 43*t**2 + 21*t - 18. Calculate v(-22).
4
Let f(i) = i**2 + 5*i + 3. Calculate f(-5).
3
Let s(l) = 5*l**2 + 8*l - 37. What is s(4)?
75
Let l(v) = v**3 - 5*v**2 - v + 7. Determine l(3).
-14
Let k(n) = -9*n**3 + 1. Give k(1).
-8
Let u(i) = -14*i + 169. Calculate u(12).
1
Let l(y) = -y**2 + 2*y + 6. Determine l(6).
-18
Let b(g) = -g**2 + 19*g + 4. Determine b(15).
64
Let h(u) = 68*u**3 - 2*u - 2. Give h(-1).
-68
Let u(l) = 3*l + 4. Calculate u(1).
7
Let n(m) = 3*m**2 + 11*m - 7. Give n(-6).
35
Let d(z) = z**2 + 16*z + 4. What is d(-15)?
-11
Let p(h) = -2*h**2 + 51*h + 64. Calculate p(27).
-17
Let x(z) = z**3 - 15*z**2 - 14*z + 16. Give x(16).
48
Let a(c) = -4*c - 27. Give a(10).
-67
Let b(a) = a**3 - 13*a**2 - 13*a - 18. What is b(14)?
-4
Let t(w) = w**3 + 6*w**2 - 4*w - 1. What is t(-6)?
23
Let p(s) = -2*s**2 - 4*s + 4. Give p(4).
-44
Let p(v) = -4*v + 64. Calculate p(14).
8
Let t(b) = -11*b - 47. What is t(-5)?
8
Let d